
What are the prime factors of 608478?
2, 3, 13, 29, 269
List the prime factors of 222336.
2, 3, 193
What are the prime factors of 7685889?
3, 2561963
List the prime factors of 638430.
2, 3, 5, 13, 1637
List the prime factors of 1509014.
2, 13, 127, 457
What are the prime factors of 853633?
11, 71, 1093
What are the prime factors of 321166?
2, 160583
List the prime factors of 10380743.
10380743
List the prime factors of 9458015.
5, 7, 270229
List the prime factors of 135492.
2, 3, 7, 1613
List the prime factors of 18153908.
2, 4538477
What are the prime factors of 1248369?
3, 107, 3889
What are the prime factors of 26905?
5, 5381
What are the prime factors of 3456305?
5, 127, 5443
List the prime factors of 12012526.
2, 643, 9341
List the prime factors of 217897.
193, 1129
List the prime factors of 1640138.
2, 53, 15473
What are the prime factors of 1045823?
17, 61519
List the prime factors of 8513017.
1451, 5867
What are the prime factors of 372917?
372917
What are the prime factors of 2922218?
2, 13, 71, 1583
List the prime factors of 12286263.
3, 11, 372311
What are the prime factors of 585552?
2, 3, 11, 1109
What are the prime factors of 2352789?
3, 19, 13759
List the prime factors of 12907314.
2, 3, 7, 89, 1151
What are the prime factors of 1065593?
1065593
What are the prime factors of 104373?
3, 11597
List the prime factors of 6830488.
2, 7, 283, 431
List the prime factors of 2090996.
2, 522749
List the prime factors of 309672.
2, 3, 11, 17, 23
List the prime factors of 7779705.
3, 5, 67, 7741
What are the prime factors of 66886?
2, 53, 631
List the prime factors of 566200.
2, 5, 19, 149
List the prime factors of 769293.
3, 7, 12211
List the prime factors of 27471578.
2, 13735789
What are the prime factors of 7148800?
2, 5, 1117
List the prime factors of 2027054.
2, 1013527
What are the prime factors of 432840?
2, 3, 5, 3607
List the prime factors of 89357.
19, 4703
What are the prime factors of 149195?
5, 53, 563
What are the prime factors of 11166122?
2, 11, 46141
What are the prime factors of 5793437?
13, 445649
What are the prime factors of 581559?
3, 11, 17623
List the prime factors of 977303.
19, 51437
What are the prime factors of 438420?
2, 3, 5, 7307
List the prime factors of 3693565.
5, 738713
List the prime factors of 320769.
3, 29, 1229
What are the prime factors of 521612?
2, 7, 13, 1433
List the prime factors of 1916602.
2, 67, 14303
List the prime factors of 18031577.
17, 43, 1451
List the prime factors of 11076119.
241, 45959
List the prime factors of 628710.
2, 3, 5, 19, 1103
List the prime factors of 365678.
2, 182839
What are the prime factors of 35533?
35533
List the prime factors of 3725489.
3725489
What are the prime factors of 197529?
3, 65843
List the prime factors of 24500585.
5, 4900117
What are the prime factors of 4585022?
2, 13, 176347
What are the prime factors of 758429?
7, 108347
What are the prime factors of 3842400?
2, 3, 5, 1601
What are the prime factors of 44536?
2, 19, 293
List the prime factors of 945268.
2, 17, 13901
List the prime factors of 571444.
2, 19, 73, 103
List the prime factors of 4628798.
2, 821, 2819
List the prime factors of 1767754.
2, 883877
What are the prime factors of 323053?
323053
List the prime factors of 39121.
19, 29, 71
What are the prime factors of 2974171?
31, 37, 2593
List the prime factors of 2616767.
2616767
List the prime factors of 506782.
2, 23, 479
List the prime factors of 2925251.
7, 59699
List the prime factors of 292385.
5, 58477
List the prime factors of 912207.
3, 304069
What are the prime factors of 336495?
3, 5, 22433
What are the prime factors of 678090?
2, 3, 5, 7, 3229
List the prime factors of 413936.
2, 41, 631
What are the prime factors of 599729?
13, 46133
What are the prime factors of 336704?
2, 5261
List the prime factors of 22035373.
22035373
What are the prime factors of 104435?
5, 20887
What are the prime factors of 74616?
2, 3, 3109
What are the prime factors of 2779304?
2, 11, 31583
What are the prime factors of 29545?
5, 19, 311
List the prime factors of 1571859.
3, 58217
List the prime factors of 844293.
3, 281431
List the prime factors of 6764546.
2, 383, 8831
List the prime factors of 1513647.
3, 6229
List the prime factors of 12626014.
2, 6313007
What are the prime factors of 381926?
2, 43, 4441
What are the prime factors of 240455?
5, 48091
What are the prime factors of 212769?
3, 47, 503
List the prime factors of 5052406.
2, 47, 59, 911
What are the prime factors of 1055212?
2, 263803
What are the prime factors of 1066515?
3, 5, 97, 733
List the prime factors of 1769151.
3, 589717
What are the prime factors of 5139291?
3, 19, 90163
List the prime factors of 319410.
2, 3, 5, 7, 13
List the prime factors of 847606.
2, 423803
What are the prime factors of 686180?
2, 5, 11, 3119
What are the prime factors of 155064?
2, 3, 7, 13, 71
What are the prime factors of 2802464?
2, 7, 12511
List the prime factors of 130729.
130729
List the prime factors of 15939557.
17, 499, 1879
List the prime factors of 1646422.
2, 373, 2207
What are the prime factors of 57659?
7, 8237
List the prime factors of 142827.
3, 47609
What are the prime factors of 9885460?
2, 5, 13, 193, 197
List the prime factors of 33530571.
3, 241, 5153
What are the prime factors of 10230908?
2, 53, 48259
List the prime factors of 157849.
23, 6863
What are the prime factors of 8236378?
2, 1259, 3271
List the prime factors of 5894444.
2, 17, 5099
List the prime factors of 1466676.
2, 3, 131, 311
What are the prime factors of 3981235?
5, 796247
What are the prime factors of 2117393?
31, 167, 409
What are the prime factors of 2250560?
2, 5, 13, 541
List the prime factors of 1061558.
2, 373, 1423
List the prime factors of 179358.
2, 3, 167, 179
What are the prime factors of 1088033?
389, 2797
What are the prime factors of 5268688?
2, 329293
What are the prime factors of 842802?
2, 3, 19, 7393
List the prime factors of 125894.
2, 19, 3313
List the prime factors of 252680.
2, 5, 6317
What are the prime factors of 2646065?
5, 529213
List the prime factors of 26515635.
3, 5, 53, 33353
List the prime factors of 142250.
2, 5, 569
List the prime factors of 24475588.
2, 23, 223, 1193
List the prime factors of 8789015.
5, 523, 3361
What are the prime factors of 5971422?
2, 3, 995237
What are the prime factors of 999019?
7, 43, 3319
List the prime factors of 773452.
2, 19, 10177
List the prime factors of 6365907.
3, 673, 1051
What are the prime factors of 2499884?
2, 17, 97, 379
What are the prime factors of 274735?
5, 23, 2389
List the prime factors of 439859.
7, 31, 2027
What are the prime factors of 1401466?
2, 11, 63703
What are the prime factors of 26687672?
2, 11, 173, 1753
What are the prime factors of 1014265?
5, 7, 28979
What are the prime factors of 227935?
5, 45587
List the prime factors of 6898631.
103, 66977
List the prime factors of 26994509.
257, 105037
What are the prime factors of 127503?
3, 31, 457
List the prime factors of 512729.
7, 89, 823
What are the prime factors of 772291?
13, 59407
What are the prime factors of 6787217?
1061, 6397
List the prime factors of 2640162.
2, 3, 7, 62861
List the prime factors of 3637578.
2, 3, 7, 257, 337
What are the prime factors of 724395?
3, 5, 7, 6899
List the prime factors of 755915.
5, 19, 73, 109
What are the prime factors of 24705?
3, 5, 61
List the prime factors of 15159987.
3, 439, 1279
What are the prime factors of 8978800?
2, 5, 22447
What are the prime factors of 114265?
5, 22853
List the prime factors of 3311556.
2, 3, 275963
What are the prime factors of 10632649?
10632649
What are the prime factors of 89033?
7, 23, 79
What are the prime factors of 705961?
137, 5153
List the prime factors of 1042256.
2, 65141
List the prime factors of 9244692.
2, 3, 9511
List the prime factors of 925430.
2, 5, 11, 47, 179
List the prime factors of 22972772.
2, 1061, 5413
List the prime factors of 1651247.
13, 71, 1789
What are the prime factors of 1426198?
2, 17, 41947
List the prime factors of 292205.
5, 58441
List the prime factors of 1365568.
2, 19, 1123
List the prime factors of 98774.
2, 13, 29, 131
What are the prime factors of 3956733?
3, 11, 17, 2351
What are the prime factors of 5151352?
2, 643919
List the prime factors of 279672.
2, 